 + -20) - 35)?
-23
Calculate (2 - 5 - -3) + 53 + (-34 + 61 - 24).
56
(-18 - -15 - -4 - (0 - 2)) + -2 + -3
-2
145 + -138 - (-2 - 3) - 31
-19
What is (-26 - -14 - (-74 - -28)) + 59?
93
Calculate (-27 - (-11 + 10 - 11)) + (-33 - -116).
68
What is (53 + -23 - 40) + 13?
3
What is the value of -42 - (-75 + 20) - (1 + 26)?
-14
What is 12 + -2 + 1 - (-2464 - -2499) - 14?
-38
Evaluate (-15 + 1 - (-14 + (8 - (-7 + 12)))) + 113.
110
What is the value of -10 - (1 + -2 + -5) - ((4 - 105) + 4)?
93
Calculate -128 - (17 + -61 + -54 + 56).
-86
-4 + 0 - ((-9 - -12) + -2 - -39)
-44
-10 + -2 + (-32 - (-35 + 30))
-39
Evaluate (-2 + -3 - 9) + 0 + (-11 - -37) + 105.
117
What is -149 + 146 - (-2 - (12 + -7) - -64)?
-60
What is the value of -51 + -10 + 77 - -26?
42
Evaluate -137 - -120 - (0 + 8 + 5).
-30
1 + (-1 - -3) + -4 + -50 + 9
-42
Calculate -85 + -35 + 42 + -9 + (7 - 0) - -7.
-73
What is -67 + (9 + (-23 - -24) - -10)?
-47
8 - (6 - 7 - 0) - (-81 + 103)
-13
Calculate -79 - (-100 - -56) - -35.
0
119 + (72 + -120 - 6)
65
Evaluate 3 - 192 - -116 - -41.
-32
What is (-103 - -41) + 16 + (-6 - -3) - -11?
-38
What is the value of -135 + 65 - 83 - (-36 - -2)?
-119
What is the value of -8 - (28 + (-17 - -6) + (-12 - -3) + -8)?
-8
Calculate 337 + -260 - (-6 + -10).
93
(2 + 19 - (11 - 9)) + -5 - -5
19
Evaluate -2 - (2 + 9) - (12 + -3 + -16).
-6
What is the value of (-70 - -59) + 3 + 5 + -42 + -14?
-59
Evaluate 5 + (2 - (-8 + 0 + -3 + 33 + -9)).
-6
(31 - 17 - 31) + 1 + 9 + 13
6
What is 17 + -11 - (2 - 3) - (-32 - (-29 + 13))?
23
What is -20 + (114 + 11 + -30 - 18)?
57
Calculate (1 - -3 - (-154 + 141)) + 3.
20
What is ((-6 - -15) + -22 - 14) + 9?
-18
Evaluate 2007 + -1916 - (-32 + (2 - 1)).
122
What is the value of -4 - -47 - 2 - (-103 + 116 + -23)?
51
481 + -467 - (1 - -23) - -21
11
(1 - 77) + (601 - 306) + -261
-42
What is 85 - 26 - -7 - 73?
-7
What is the value of -149 + (221 - 31) + 5 + 2 + -1 + 0?
47
What is (7 - -1) + (-65 - 16) - 10?
-83
Calculate -11 - ((-2 - -1) + (18 - 14 - 8)) - 5.
-11
What is 275 - 264 - (-5 + 3 + 1 + -3 - -62)?
-47
-46 + (345 - 361 - (1 + -11))
-52
Evaluate 42 - 1 - (26 - 14 - 7).
36
Calculate -76 - (4 + 5 - 15 - 5) - (3 + -1).
-67
What is (-1 + 39 - (-338 + 368)) + 2 + 5?
15
Calculate -85 + 63 - (-7 + -33).
18
What is the value of (20 - -4) + -33 + -14 + 55 + -27?
5
Calculate (25 - -104) + -39 + 5 - 13.
82
Calculate 51 + -7 + (6 - (7 - 2)) + -4.
41
What is 5 - (1 + -32 - -2 - (45 - (79 - 26)))?
26
Evaluate 9 + (8 - (2 + -1)) + -423 + 405 + -31.
-33
Evaluate (-176 - (-25 - 88)) + 96.
33
-2 + -16 - (-8146 - -8197)
-69
Calculate 96 - -35 - ((-6 - -12) + (4 - 0)) - 13.
108
What is 368 + -381 - (-5 + (2 - 27))?
17
What is -52 - (2 - -24) - (3 + 0) - -13?
-68
Evaluate -43 + (20 - (45 + -101)).
33
Evaluate (-43 - (-40 - (23 + -4))) + -21.
-5
Calculate (-11 - (6 + -10)) + -6 + (11 - 0) + 20.
18
Calculate 11 + 0 + -14 + 28.
25
What is -6 - (37 + 4 + -26 + 20)?
-41
Calculate (-1 - 9) + (6002 - 5994) + (0 - -69).
67
What is -24 + -10 - (28 + 0 - 47)?
-15
What is the value of 197 - (-5 - (-134 - -12))?
80
Evaluate -34 + 10 + -12 + -7 + 9.
-34
Evaluate 0 + -65 + 13258 + -13261.
-68
What is the value of 16 - (1 + -8 - (58 - 72)) - (-107 - -48)?
68
-18 + -49 - (-3 - (-13 - -26))
-51
Evaluate 13 + (-4 - -3 - 17) - (-5 - -43).
-43
Calculate 43 + -51 + 13 + 3 + 36.
44
What is the value of 0 + -1 + 462 + -486 - -18?
-7
Calculate (6 - -14) + 44 + (50 - 15).
99
Calculate 6 + 0 - (-169 + 175) - (-23 + 44).
-21
What is the value of (-59 - 1) + 594 + -546?
-12
What is the value of (-8 - -4 - -102 - (2 - 3)) + (705 - 711)?
93
What is the value of (16 - (17 + 2)) + (-2 + -5 - -19)?
9
Calculate 24 + (5 - 0) + -27 + 17.
19
Calculate (-5 - -14) + 13 - (-25 - -68).
-21
(-12 - -2) + (8 - 11) + (-48 - -39)
-22
What is -6 + -3 + 3 - -1 - (1453 - 1467)?
9
Evaluate -62 + (3 - 13 - (0 - ((14 - 18) + 11))).
-65
What is 23 + -49 + -40 - -40?
-26
Evaluate -15 + -1 - (-18 - (-55 - -9) - 27).
-17
What is the value of (2 - (0 - 3 - 0)) + -146 + 126?
-15
Calculate -6 - -1 - (-9 - (-89 - -7)) - -14.
-64
What is (14 - (-16 + 32)) + -2 + (90 - (7 - 0))?
79
What is the value of -24 + 7 - -36 - (-7 - -66)?
-40
Evaluate 2 - 32 - (-84 + 56).
-2
Calculate (-38 - (-57 + 51)) + -32.
-64
Calculate 2 + -20 + (5 - -30).
17
What is (12 - -12) + 11 - 5?
30
Calculate (-2 - 6 - -3) + 3 + -5 + (-42 - -100).
51
Calculate -18 + 84 + -47 + -53.
-34
What is (5 + (18 - 7) - 3) + -9 + -3?
1
(0 - 11) + -6 + -3 + -7 + 66
39
Evaluate -95 - -19 - -26 - -68 - (-24 + 1).
41
Evaluate (6 - 25) + 5 + (-4 - 9) + 30 + 6.
9
What is -1866 - -1811 - (-7 + 13 - 47)?
-14
Evaluate (-22703 - -22716) + (-15 - (-2 - -3 - 3)) + 34.
34
What is -11 + -17 + 22 - (51 - 2) - 1?
-56
What is (-4 + 25 - 10) + (13 - 4)?
20
What is the value of -775 + 707 - (-1 + -26)?
-41
What is the value of -7 + -1 - -24 - 10 - (-1 + -34)?
41
What is the value of (-48 - (109 - 300)) + -158?
-15
(-114 - 1 - (626 - 611)) + 34
-96
What is -5 + (11 - ((-13 - (-12 - 10)) + -5 + 7))?
-5
Calculate (-31 - -20) + (-10 - 1 - -1).
-21
-3 + (-7 - 2) + -5 + 9 + -3 + -11
-22
What is the value of (-3 - 35) + -6 + -8 + 14 + -8?
-46
What is -13 - (-5 - -21) - (4 - 7)?
-26
What is the value of 6 + -18 - -16 - 6?
-2
Calculate -68 - (9 + 4 - -1 - 10).
-72
Calculate (46 - 0) + (-939 - -931).
38
Evaluate -95 + (7 + 6 - (227 + -222)).
-87
37 + (40 - 5) + 75 + -80
67
-51 + 26 - 21 - 4
-50
What is 9 + -65 - (234 - 273)?
-17
What is the value of -160 + (-51 - 12 - -140)?
-83
(25 - (16 - (11 + -4))) + 4 + -83
-63
What is the value of 37 + -3 - (2201 + -2241)?
74
What is the value of 17 + 1 + -142 + 374 + -237?
13
8 - (-10 - 0 - (-96 - (-17 - -36) - -21))
-76
What is -7 - -2 - -65 - (-18 + 43)?
35
Evaluate (-259 + 262 + 16 + 1 - -86) + 14.
120
What is 47 - (-4 - ((0 - 14) + 18 + -8))?
47
(29 - (60 + -13 + -16)) + 9
7
16 + (-26 + 32 - 18) + 20
24
Evaluate -30 + 47 + (-2 - 1) - (41 - -24).
-51
Evaluate (-933 - -840) + 41 + -1.
-53
What is (34 - 23) + (-8 - (-14 - 4 - 6))?
27
What is (4 - (15 - (13 + -4)) - 13) + 31?
16
Calculate (71 - 70 - (21 - -2)) + 68.
46
Calculate -58 + (17 - 27) + (-14 - (-20 - 1)).
-61
-1091 + 1081 - (13 - 0)
-23
Evaluate -8 - ((7 - 92 - -3) + 0 + (9 - 1)).
66
Calculate 87 - (3 + (-13 - (-11 + -17 - -2)) + -5).
76
What is the value of -69 - ((29 - 274) + 102)?
74
12 - 6 - 19 - (-1 + -21 + -2)
11
What is -7 + 46 - (-7 + (77 - 43))?
12
(-16 - -8 - (-2 + -1)) + (-6 - -14 - 12)
-9
Evaluate 89 + (-103 - -65) + -69.
-18
-2 - (-19 + 45 - (25 - 3))
-6
What is -5 + 40 + (-36 + (-5 - -12) + 8 - -9)?
23
What is the value of (6 - -11) + -7 + (-1 - (85 - -32))?
-108
Calculate (-144 - (15 + -104)) + 123.
68
What is the value of -378 - -369 - (40 + 2 + -7 + 6)?
-50
What is 5 + -9 + -64 - (-14 + (-19 - -12) + 30)?
-77
Evaluate -57 + 29 + 6 - -34.
12
-614 - -545 - (4 - 75)
2
What is 924 + -940 + (22 - 2) - (9 - 1)?
-4
What is the value of -8 - (-7 - (18 - 6)) - (-47 - -88) - 8?
-38
What is (-17 - (-8 - -10) - (38 + -40)) + 64?
47
Evaluate -53 + -1 + 1 + 17 + (-50 - (-78 + 34)).
-42
What is the value of (207 - 194) + (4 + -4 - 3) + -1?
9
Calculate (1 - (7 - (-4 + 7))) + (-15 - -81 - -15).
78
What is -5 + (5 - -2 - (32 + 4 - -1)) + 2?
-33
What is (-4 - 38 - -29) + 18 + 34 + 2 + 2?
43
What is (-90 - -1) + 7110 + -7022?
-1
-3 + (23 + -19 - -1) + -20
-18
What is the value of -94 + 75 + -30 + 83?
34
-2636 - -2566 - (-68 - 2)
0
-149 + 128 - ((-4 - -1) + -2 - -3)
-19
Evaluate -28 + (-20 + 44 - 5) + -5.
-14
What is the value of -11 - -35 - 24 - 91 - (3 - 11 - -4)?
-87
Evaluate (-120 - -242) + 118 - 122.
118
What is -11 + -11 + -11 + 19 - 17?
-31
Evaluate (-7 + 4 - -2 - (238 + -249)) + -94 + 1.
-83
Calculate 130 + 11 + -84 + -84.
-27
What is (-2 - 8) + (38 - 86) - (0 - -7)?
-65
Evaluate (2 - (41 + -86)) + -57.
-10
What is -109 + (-18 + 5 + 13 - 3) + 23?
-89
9 + -28 + 28 - (0 - 1)
10
Evaluate -13 + 2 + (-2 + (2 - 1) - 10).
-22
13 + 1 - ((-15 - (-14 + 9)) + -2)
26
Evaluate 294 + -262 - ((-5 - -6) + -6).
37
What is 49 + -10 + 19 + 24 + 5?
87
What is 26 + (-2578 + 2537 - (1 - -110))?
-126
Calculate 1 - (-9 + 22 + -33) - 48.
-27
What is the value of 72 - (72 + (-4 - 24))?
28
Calculate -7 - ((-14 - (-4 - -2)) + (-103 - -232)).
-124
What is the value of -14 - (-41 + 70) - 20?
-63
What is the